late x(4).
-7
Let w(s) = 4*s**2 + 7*s + 3. Let o(n) = -2*n**2 - 15*n - 24. Let m be o(-2). Give w(m).
5
Let v(r) = r**2 + 11*r + 34. Let g be v(-5). Suppose -a - a = -g, t - 4*a + 3 = 0. Let o(u) = -u + 4*u + 4*u**2 - u**3 + u**2 - 3. Determine o(t).
12
Suppose 3*v = -10*o + 8*o + 33, 5*o - 20 = 5*v. Let r(i) = -i**3 + 7*i**2 + 18*i + 2. Give r(o).
2
Let d be (-96)/160 + 26/10. Suppose 3*g + 4*c - 5 = 0, -6 + 35 = 3*g - d*c. Let z(y) = -y**2 + 9*y - 16. Give z(g).
-2
Let q be -11 - ((-294)/12 + 8/(-16)). Let z(s) = -s**3 + 11*s**2 + 45*s - 36. Give z(q).
6
Let s(p) be the first derivative of -p**3/3 - 6*p**2 + 2*p + 3196. What is s(-10)?
22
Let f(j) = -5*j + 13*j**2 - 2560*j**3 - 7 - 3*j + 2558*j**3 + 2. Give f(6).
-17
Let c be (-2)/16 + 2961/840 - (-3)/5. Let y(m) = -3*m**2 + m - 9. Let v(x) = 7*x**2 - 2*x + 18. Let g(k) = 4*v(k) + 9*y(k). What is g(c)?
11
Let w(h) = -h**3 - 13*h**2 + 26*h - 35. Let a(c) = -50*c - 65. Let x be a(-1). Determine w(x).
25
Let v(t) = -t + 1. Let j(h) = -4*h + 25. Let w be j(5). Suppose -120 = 3*k - d, -w*k - 7*d = -3*d + 200. Let u = -37 - k. Calculate v(u).
-2
Let d(j) = -12*j - 5. Suppose -5*o + 38 = 4*q, -9 + 11 = o. Calculate d(q).
-89
Suppose 2*m + 56 = -2*m - 3*g, -4*g + 28 = -4*m. Let s(t) = t**3 + 11*t**2 + 242 - 443 + 2*t + 216. Give s(m).
-7
Let x(i) = -3*i - 6. Let u = 19 + -23. Let k be (-6 - (u + -2)) + (1 - 3). Let f be x(k). Let r(z) = z**2 - 1. Determine r(f).
-1
Let c be (10/6)/(2/(-6)). Let a(h) = 29*h**2 + 18*h - 48. Let j(z) = 11*z**2 + 7*z - 18. Let b(m) = 3*a(m) - 8*j(m). Give b(c).
-15
Let b(j) = j + 15. Let w be b(-10). Let o(v) = v - w*v**2 + 2*v**2 + 2*v**2 + 4 + 0*v**2. Suppose -3*p = z - 16, -3*p = 5*z - 5*p - 12. What is o(z)?
-8
Let c(k) = k**3 - 5*k**2 - k + 6. Suppose -a = -2*r + 2*a + 65, 0 = -3*r - 3*a + 90. Let b = -12 + r. Let g = -14 + b. Give c(g).
1
Let u(g) = g + 1. Let q = 89 - 45. Let y = 9 + q. Let j = 47 - y. Determine u(j).
-5
Let y(s) = -46*s**3 + 2*s**2 - s. Let i be 6/(((-1)/(-2))/((-1)/(-6))). Let a be -5*i/(-5) + -1. Determine y(a).
-45
Let k = -162 + 179. Suppose -k*g - 36 = -11*g. Let x(b) = -b - 7. Calculate x(g).
-1
Let o = -120 - -291. Let n(w) = -339 - 5*w**2 + o + 172 - w**3. Calculate n(-5).
4
Suppose -2*w - 14 + 4 = 0. Let i be (-2 + (-9)/(-2))*(-10)/w. Suppose -2*j + i = a + 2*a, 2*a - 5 = -j. Let s(n) = n - 4. Calculate s(j).
-9
Let y be (-17)/(-119) - (-234)/504*4. Let c(m) = -3*m + 2 - 3*m + 6*m**2 + 4*m. Determine c(y).
22
Suppose 0 = 3*a - 6*a + 9. Let f(m) be the third derivative of m**5/60 - m**4/6 - m**3/6 - 1692*m**2 + 5. Calculate f(a).
-4
Let a(d) = -95*d. Suppose -3*i = 5*z + 2, -43*z = -41*z - 5*i + 7. Determine a(z).
95
Let w(z) = 5140 - 3*z - 2574 + 11*z - 2574. Calculate w(1).
0
Let i(c) = 74*c - 34*c**2 - c**3 + 87 + 35 - 37 + 0. Calculate i(-36).
13
Let f(j) = -3*j**2 + 16*j - 1. Let y(o) = -5*o**2 + 27*o - 2. Let i(g) = -13*f(g) + 8*y(g). Give i(-7).
-108
Let o(y) = -y**3 + 5*y**2 + y + 3. Let v = -3865 - -3871. Give o(v).
-27
Suppose 3*k = -w - 4*w - 24, 3*w = 0. Let f = 56 - 54. Let d(c) = -3*c**2 - 36*c + 2*c**f + 4 + 29*c. Determine d(k).
-4
Suppose 5*o - 3*s + 1 = -5, 6 = 3*o + 3*s. Suppose o*w - 5*w = 25. Let p(y) = 7 + 6*y + 2*y + 6*y + 18*y - 33*y. Give p(w).
12
Let m(j) = 6*j - 66. Let g be m(12). Suppose g = -u + 3*f, 3*u + 21*f - 20*f - 12 = 0. Let l(i) = 3*i**2 - i**3 + 5*i**2 - 1 - 5*i**2 + 2*i. What is l(u)?
5
Let p(r) = -4 - 221*r**2 + 10 + 145*r**2 + 77*r**2 - 11*r. What is p(8)?
-18
Let z be ((-164)/(8 + -12))/(2/4). Let o = z - 78. Let n(j) = -j**2 + 8*j - 10. Give n(o).
6
Let n(i) be the second derivative of i**3/6 + 5*i**2/2 + 236*i + 2. What is n(-10)?
-5
Let z(x) = -10*x + 5. Let p(i) = -2*i + 1. Let u(m) = -4*p(m) + z(m). Calculate u(2).
-3
Let g(d) = -2*d**3 - d**2 + 2*d - 7. Let i(h) = -46*h - 1797. Let y be i(-39). What is g(y)?
32
Let d(u) = -3*u + 2. Let k(z) = 3*z**2 - z + 81. Let o be k(0). Let b = 69 + -153. Let h = o + b. Calculate d(h).
11
Let q(x) = -154*x + 5. Let w(n) = 359*n - 11. Let p(j) = -7*q(j) - 3*w(j). Let r = 10 - 6. Give p(r).
2
Let l(s) = -2*s - 80. Let x(f) = -7*f - 244. Let t(o) = 3*l(o) - x(o). Suppose 1 + 2 = -p. What is t(p)?
1
Let c(k) = -k**3 + 7*k**2 - 5*k - 3. Let x be c(6). Let w(a) = -22 + 10 + a + 6*a**2 + 6 - a**x - 2*a. Give w(5).
14
Let f(w) = w**3 + 2*w**2 + 2*w + 2. Let q be (-136)/(-1) - 3*(-8)/12. Let d = 136 - q. Give f(d).
-2
Suppose 9*w = 4*w - 2*n + 47, w + 2*n - 11 = 0. Let l(s) = 6 - w*s**3 + 8*s**3 - 14*s**2 + 8 - 3 + 16*s. Give l(-15).
-4
Let s(r) = 4*r**2 - 5425 + 1808 - 3*r + 1811 + 1805. Calculate s(5).
84
Let n(k) = 4*k**3 - 6*k**2 + 2*k + 3. Let z be n(1). Let r(w) = 9*w**2 + 3*w - 9. Let i(t) = 17*t**2 + 5*t - 17. Let q(m) = 6*i(m) - 11*r(m). Calculate q(z).
15
Let k(p) = 28*p - 28. Let g(r) = -9*r + 19. Let o(d) = -11*g(d) - 4*k(d). What is o(-7)?
-6
Let c = -16 - -19. Suppose 0 = -4*x - 2*r - 5 - 5, 3*r + 15 = 2*x. Let n(q) = -q + 8 - q + x*q - c. Determine n(7).
-9
Let f(n) be the first derivative of n**4/4 + n**3 - n**2 - 4*n - 164874. Let v(t) = -t - t + t**2 - 1 - 2*t**2. Let k be v(-3). Determine f(k).
-12
Let l = 1077 - 1073. Let o(n) = n**2 - 8*n + 9. Give o(l).
-7
Let a be -2*(605/22 + -22). Let k(r) = 9*r + 108. Give k(a).
9
Let t(h) = -2*h - 25. Let c be 0/(-27*(-14)/126). Calculate t(c).
-25
Let s(v) be the first derivative of 4*v**2 + 15*v - 3994. Give s(-7).
-41
Let b(a) = 11*a**2 + 17*a - 13. Let m(y) = y**2 - 2. Let g(t) = 17*t**2 + 26*t - 18. Let p(k) = -g(k) - m(k). Let i(c) = 8*b(c) + 5*p(c). Calculate i(4).
-12
Let y(r) = 213*r + 780. Let j(k) = -11*k - 41. Let h(q) = -39*j(q) - 2*y(q). What is h(-12)?
3
Let o(d) = -d**3 + 5*d**2 - 2*d + 8. Let v be ((-20)/(-6) + -5)*-3. Let c be o(v). Let m(a) be the first derivative of -3*a**2/2 - a - 2. What is m(c)?
5
Let q = 12692 + -12681. Let k(v) be the second derivative of -v**4/12 + 13*v**3/6 - 8*v**2 - 3*v. What is k(q)?
6
Let k(y) = y**2 + y - 1. Let l(a) = -a**2 + 2*a - 2. Let w be l(2). Let m be w + (-28)/(-4) + -1. Let z be 640/(-100) + m/10. Give k(z).
29
Let z(v) be the third derivative of v**5/30 + v**4/24 + v**3/6 - 8*v**2 - v. Give z(-4).
29
Let d = 8445 - 8442. Let w(j) = -18 - 13 - 18 + 46 - 4*j. Calculate w(d).
-15
Let c(u) be the third derivative of -u**4/4 - 5*u**3/2 + 136*u**2. What is c(-5)?
15
Suppose 0 = 2*v + 4*u - 18 + 12, -3*v + 11 = 5*u. Let g = -1 + 14. Let x(i) = g - 2 - 8*i**2 + i**3 + 6*i - 1. What is x(v)?
3
Suppose -4*x + 4*q - 5 = 19, q = 5*x + 34. Let u(d) = -8*d**2 + 19*d. Let g(o) = -21*o**2 + 54*o + 3. Let k(r) = 3*g(r) - 8*u(r). Give k(x).
-12
Let c(i) = -6*i - 25. Let f(l) = -9*l + 11. Let x be f(2). Let m be c(x). Let z(q) = q**3 - m*q - 10*q + 23*q - 2 + 2*q**2. What is z(-3)?
1
Let r(g) be the third derivative of 0*g - 1/6*g**4 - 75*g**2 + 0 + 5/6*g**3. Calculate r(-4).
21
Let q(x) = x**3 + 24*x**2 - 27*x - 51. Suppose 951 + 2199 = -69*w - 57*w. Calculate q(w).
-1
Suppose 0 = -1723*x + 1712*x + 77. Let h(l) = 9*l - 62. What is h(x)?
1
Let i be 1 + -1 + (80 - 72). Let j(d) = -i + d**2 + 7 - 7*d + 14 + 0 + 0. Calculate j(6).
7
Let a(u) = -150*u - 328. Let w(c) = 34*c + 82. Let f(t) = -6*a(t) - 26*w(t). Determine f(8).
-36
Let v be (6/(-18))/((-2)/36). Let z(q) = -5*q**3 - q**2 - q - 1. Let g(x) = -6*x**3 + 6*x**2 - 2*x + 2. Let p(s) = g(s) - z(s). Determine p(v).
33
Let l(f) = -5*f - 14. Let v(n) = -4*n - 3. Let h(a) = -5*l(a) + 4*v(a). Determine h(-6).
4
Let n(p) = -4*p. Let j(x) = 3*x**3 + x**2 + 6*x - 6. Let f(y) = y + 3. Let h be f(-2). Let o be j(h). What is n(o)?
-16
Let n be 2 + (-72)/10 - 1/(-5). Let f be (4/5)/(n/(-300)). Let p = -49 + f. Let g(x) = 5*x. Give g(p).
-5
Let x(l) be the second derivative of l**4/6 + 5*l**3/3 + 4*l**2 - 662*l. Calculate x(-4).
0
Let d(w) = 11*w + 11. Let j(s) = 9*s + 12. Let r = 389 + -394. Let h(q) = r*d(q) + 6*j(q). Give h(15).
2
Let c(j) be the first derivative of j**4/4 + j**3/3 + j**2/2 + 10549. Determine c(-1).
-1
Let h(f) be the third derivative of -3 + 11/3*f**3 - 3/20*f**5 - 1/120*f**6 + 0*f + 34*f**2 + 1/12*f**4. Give h(-9).
4
Let h(m) = 22*m + 286. Suppose 0 = -q + 5*i - 23, -2*i - 61 = 5*q - 0*q. Calculate h(q).
0
Suppose -4*d - 1 + 21 = 0. Let x be 21/14*(2 + (-6)/9). Let y(w) = 4 + 4*w - 2 + w**3 - 6